5 and 749955?
15
Calculate the highest common factor of 336 and 94976.
112
What is the greatest common factor of 90 and 28510?
10
What is the greatest common factor of 2280 and 68970?
570
Calculate the greatest common factor of 57 and 43833.
57
Calculate the highest common factor of 784863 and 8856.
1107
What is the greatest common factor of 4893 and 840?
21
What is the greatest common factor of 90 and 49104?
18
Calculate the highest common divisor of 591 and 23443.
197
Calculate the highest common factor of 286 and 533.
13
Calculate the highest common factor of 58555 and 103965.
1195
What is the greatest common factor of 3 and 40584?
3
Calculate the highest common factor of 1149 and 4928061.
1149
What is the greatest common divisor of 3619 and 12925?
517
What is the greatest common factor of 26 and 112?
2
What is the highest common divisor of 111188 and 308?
308
What is the greatest common divisor of 31845 and 166173?
579
Calculate the greatest common factor of 530 and 62858.
106
What is the highest common divisor of 360 and 6144?
24
What is the greatest common factor of 77 and 2663353?
77
Calculate the highest common factor of 186 and 504866.
62
Calculate the highest common divisor of 9984 and 564.
12
What is the greatest common factor of 404289 and 783?
261
Calculate the greatest common divisor of 494061 and 185.
37
Calculate the highest common divisor of 147072 and 78720.
384
What is the greatest common divisor of 1104 and 2256?
48
What is the highest common factor of 2716 and 7518?
14
Calculate the highest common divisor of 26 and 184964.
26
Calculate the highest common factor of 35 and 78778.
7
Calculate the greatest common factor of 55 and 706574.
11
What is the greatest common factor of 19672 and 20?
4
What is the highest common factor of 255 and 17967045?
255
What is the greatest common divisor of 282 and 888?
6
Calculate the greatest common factor of 162 and 26190.
54
Calculate the greatest common factor of 608399 and 4686.
781
What is the greatest common divisor of 10 and 8615?
5
What is the greatest common factor of 2489164 and 452?
452
Calculate the highest common divisor of 51 and 107661.
51
Calculate the highest common factor of 437 and 88573.
23
Calculate the greatest common divisor of 1684875 and 750.
375
What is the highest common divisor of 72479 and 121?
121
Calculate the greatest common divisor of 184 and 10718.
46
Calculate the highest common divisor of 15470 and 104.
26
What is the highest common factor of 3560 and 7680?
40
What is the highest common factor of 74452 and 364?
28
What is the greatest common factor of 94813 and 1947?
59
What is the greatest common factor of 16710 and 45?
15
Calculate the highest common divisor of 138828 and 39737.
503
What is the highest common divisor of 83 and 2630021?
83
Calculate the highest common divisor of 423 and 207.
9
Calculate the highest common factor of 2784 and 22620.
348
Calculate the highest common divisor of 731615 and 5.
5
Calculate the greatest common divisor of 2220 and 125.
5
What is the highest common divisor of 90695 and 187?
187
Calculate the greatest common factor of 1099 and 115339.
7
Calculate the highest common factor of 2373 and 1625957.
113
Calculate the greatest common divisor of 83897 and 1315.
263
Calculate the greatest common factor of 13134 and 99.
33
What is the greatest common divisor of 11 and 51007?
11
What is the greatest common factor of 46289 and 246?
41
Calculate the greatest common divisor of 5856 and 1459608.
1464
Calculate the highest common divisor of 6755116 and 446.
446
Calculate the greatest common divisor of 278055 and 1110.
555
What is the highest common divisor of 572523 and 45?
3
What is the greatest common divisor of 3524474 and 34?
34
Calculate the greatest common factor of 145664 and 37554.
1138
Calculate the greatest common divisor of 409135 and 47.
47
Calculate the highest common divisor of 4268 and 107476.
388
Calculate the greatest common divisor of 75250 and 5.
5
What is the greatest common divisor of 171400 and 200?
200
What is the greatest common divisor of 63 and 157801?
7
What is the highest common divisor of 1149690 and 2850?
570
What is the highest common factor of 12067 and 231?
11
What is the greatest common factor of 23121 and 2709?
63
What is the greatest common divisor of 654897 and 3647?
521
What is the highest common factor of 370 and 21870?
10
Calculate the greatest common factor of 176593 and 137.
137
Calculate the greatest common factor of 600 and 782700.
300
What is the greatest common factor of 295 and 1909535?
295
What is the greatest common divisor of 812264 and 8?
8
Calculate the greatest common divisor of 6260 and 1780.
20
Calculate the greatest common factor of 470 and 34075.
235
Calculate the greatest common factor of 667 and 20792.
23
What is the greatest common factor of 12 and 34796?
4
What is the highest common factor of 435825 and 10?
5
What is the highest common divisor of 134220 and 36?
12
Calculate the greatest common divisor of 144 and 12176.
16
What is the greatest common divisor of 552 and 120?
24
What is the greatest common factor of 1487937 and 726?
363
What is the greatest common divisor of 16 and 308816?
16
What is the greatest common divisor of 6602178 and 1797?
1797
What is the highest common factor of 41275 and 3965?
65
Calculate the highest common divisor of 46 and 1101148.
46
What is the greatest common divisor of 1447992 and 252?
252
What is the greatest common factor of 786545 and 423?
47
Calculate the greatest common divisor of 25591 and 326.
163
What is the greatest common divisor of 2208 and 1196?
92
What is the highest common factor of 379888 and 32?
16
Calculate the greatest common factor of 19710 and 13734.
18
What is the greatest common factor of 111877 and 255?
17
What is the greatest common divisor of 84 and 8001?
21
Calculate the greatest common factor of 1305 and 106575.
435
Calculate the highest common divisor of 23589 and 1044.
9
Calculate the highest common factor of 217 and 737459.
31
What is the highest common factor of 378 and 106398?
18
Calculate the highest common divisor of 228312 and 151.
151
What is the highest common divisor of 374 and 29359?
187
Calculate the highest common divisor of 3695571 and 414.
207
What is the highest common factor of 198002 and 14?
14
What is the highest common divisor of 290000 and 3125?
625
Calculate the highest common factor of 57291 and 129.
3
Calculate the greatest common divisor of 313 and 4443974.
313
Calculate the highest common factor of 53280 and 296.
296
Calculate the highest common divisor of 44051 and 2325.
31
Calculate the greatest common divisor of 144765 and 2.
1
What is the greatest common factor of 203759 and 111?
37
What is the greatest common factor of 4063 and 272?
17
What is the highest common factor of 2201 and 1581?
31
Calculate the greatest common factor of 292785 and 447.
447
Calculate the highest common factor of 36652 and 23936.
748
What is the highest common factor of 3134 and 83?
1
Calculate the highest common factor of 1725 and 10725.
75
What is the greatest common factor of 51255 and 945?
45
Calculate the greatest common factor of 161 and 11776.
23
Calculate the greatest common divisor of 2590 and 5922.
14
What is the highest common divisor of 6 and 206826?
6
Calculate the greatest common divisor of 14351116 and 13.
13
Calculate the greatest common divisor of 6345 and 1363.
47
What is the highest common divisor of 3745 and 870445?
535
Calculate the greatest common divisor of 4312 and 627704.
616
What is the highest common factor of 178997 and 196?
49
Calculate the greatest common factor of 568443 and 1869.
267
Calculate the highest common divisor of 60 and 42990.
30
What is the highest common factor of 318 and 46958?
106
What is the greatest common divisor of 1488 and 61?
1
What is the highest common factor of 9 and 12?
3
Calculate the greatest common factor of 57671 and 2727.
101
What is the greatest common divisor of 3536 and 128?
16
Calculate the greatest common factor of 35014 and 14.
14
What is the greatest common divisor of 74555 and 13?
13
What is the greatest common factor of 62652 and 759?
69
Calculate the greatest common factor of 2116815 and 45.
15
What is the greatest common factor of 172